8*p**2. Determine h(-2).
-2
Let n(y) be the third derivative of y**5/60 + 3*y**4/8 + 5*y**3/3 + 3*y**2 - 27. Calculate n(-7).
-4
Suppose -50 = -2*l + 7*l. Let p = l - -5. Let n(j) = -j**2 - 4*j - 3. Give n(p).
-8
Let i(x) = -367*x**2 + 4*x**3 - 6*x - 3*x**3 + 7 + 364*x**2 - 2. Let o be 2/7 + 132/28. What is i(o)?
25
Let i(r) = r + 2. Let c be i(-6). Let g(w) = 4*w**2 - 5*w - 2. Let l(o) = 3*o**2 - 3*o - 2. Let p(d) = 2*g(d) - 3*l(d). Determine p(c).
-10
Let a(w) be the third derivative of -w**4/4 + w**3/6 + 5*w**2. Let k(f) = f + 1. Let t be k(0). Let b be -1 + 3 + t/(-1). Determine a(b).
-5
Suppose 5*d + 8 = 2*i + 4*d, -4*d = 4*i + 8. Suppose -2*a + t = 2*a - 11, -5*a + 4 = 2*t. Let b(o) = -6*o + a*o + i*o - 3*o - 1. What is b(-2)?
9
Suppose 4*q - 16 = -0*q, -c + 2*q = 9. Let z(h) = -15*h**2 - h. Calculate z(c).
-14
Let u(x) = -5*x - 1. Suppose 540 = 14*w - 32*w. Let h be 11/((-660)/8) + (-34)/w. Calculate u(h).
-6
Let w(f) be the second derivative of 5*f**3/2 + 3*f**2/2 - f - 257. What is w(-1)?
-12
Suppose f + 4*l = 19, l = -3*f + 5*l + 9. Let v(x) = -22*x + 6 - 3*x**2 + 4*x**2 + 14*x. Let o be v(f). Let c(m) = m**2. Give c(o).
1
Let x(f) = f**3 + 6*f**2 - 20*f - 17. Let y(l) = 2*l**2 + 28*l - 72. Let d be y(-16). Calculate x(d).
15
Suppose 26*d = -129 - 27. Let q(r) = r**2 + 9*r + 8. Give q(d).
-10
Suppose 5*i = 2*b - 13, 0 = 2*i - 3*i + 2*b - 1. Let k(r) = -r**2 - 2*r - 1. What is k(i)?
-4
Let y be 4/(-6)*1*3/2. Let a = -4 - -3. Let g(f) = f**3 - 7*f**2 + 7*f - 3. Let u(v) = -v - 1. Let t(c) = a*g(c) + y*u(c). Calculate t(6).
4
Let y(d) = d**2 + 10*d - 9. Let b(m) = 3*m**2 + 19*m - 16. Let q(j) = -6*b(j) + 11*y(j). What is q(-2)?
-23
Let t(y) = 4*y**3 - 10*y + 15. Let c(a) = 3*a**3 - 8*a + 14. Let s(i) = 5*c(i) - 4*t(i). What is s(0)?
10
Let p(f) = f**3 + 4*f**2 - 3*f - 8. Let o be p(-4). Let s(u) = o + 4 - 1 + u - 2. Give s(7).
12
Let t = 6 + -3. Suppose -2*l + 5*l = 4*s + 29, -3*l + 19 = -2*s. Let c(g) = -2 - l*g**3 + 8*g + 6*g**2 - 2*g - 2*g + 4*g**t. Calculate c(-5).
3
Let i(u) = 5*u**3 + 6*u**2 + 9*u + 1. Let y(c) = 4*c**3 + 6*c**2 + 9*c. Let b(o) = 5*i(o) - 6*y(o). Calculate b(7).
-9
Let h(s) = -s**2 - 3*s + 28 - 29 + 4*s + 4*s + 3*s. Calculate h(10).
-21
Let g(d) = 13*d - 68. Let c be g(5). Let j(i) = i**3 + i**2 - 3*i + 3. Give j(c).
-6
Let u(w) = -w**3 + 5*w**2 + 7. Let r be u(5). Let d(z) = -3 + 17 - z - 5 - r. Let t be (-1 + 2/10)*5. Determine d(t).
6
Let b(l) = l**2 - 2*l - 6. Suppose 43 + 41 = 21*t. Determine b(t).
2
Let p be (-4)/(-4) + (0 - 0). Let d(i) = 8*i**3 + 2*i**2 + 3*i + 8. Let m(g) = 16*g**3 + 4*g**2 + 5*g + 13. Let t(b) = 5*d(b) - 3*m(b). What is t(p)?
-9
Suppose -3*z - 142 = 47. Let h = z + 63. Let i(a) = -a**2 + a - 4. Calculate i(h).
-4
Let y be (13/39)/(1/9). Suppose s - 5 = d - 4, -y*d = s - 9. Let u(i) = -i**3 + 3*i**2 + i + 1. Determine u(s).
4
Let x(g) be the first derivative of 2*g**3/3 - 3*g**2 + 9*g - 430. Give x(5).
29
Let x(w) be the first derivative of w**3/3 - 3*w**2 + 4*w - 10. Let p(s) = 6*s - 6. Let z be p(4). Suppose -3*f = 6, -3*f = 3*g + g - z. Determine x(g).
4
Let v be -5*(-5 - 11/((-22)/12)). Let o(l) = 12*l + 3. Determine o(v).
-57
Let f(r) = r**3 + 7*r**2 - 7*r + 7. Let k be ((-4)/(-5))/((-42)/420). Calculate f(k).
-1
Let q(h) = 12*h - 1. Let s(r) = -7*r. Let m(c) = 7*c. Let l(a) = -6*m(a) - 4*s(a). Let f(k) = 5*l(k) + 6*q(k). Determine f(4).
2
Let c(x) = x**3 - 10*x**2 - x - 6. Suppose 9*a + 22 = 12*a - 2*p, 5*a - 70 = -5*p. What is c(a)?
-16
Let k(o) = -o**3 - 4*o**2 - 4*o - 3. Let v be k(-3). Suppose v = -u - 4*u - 5. Let x(f) = f**3 + f. Calculate x(u).
-2
Let f(i) = -i**2 - i. Let k be (-7)/(-2) + (-13)/26. Let x = k - 6. Determine f(x).
-6
Let o(r) = 4*r**2 - 3. Let v = -1392 - -1390. Determine o(v).
13
Let p(x) = -x**3 + 8*x**2 - 15*x - 3. Let r be p(5). Let o(b) = b**3 + 5*b**2 + 5*b - 1. Give o(r).
2
Suppose 4*i - 2 = f + 7*i, 0 = 4*f + 3*i - 28. Let q(v) = 0*v - 10*v + 1 - 3 - 9*v**2 + 0*v**3 + v**3. What is q(f)?
-2
Let l(m) = -5*m - 7. Let v(c) = 4*c + 6. Suppose -3*p - 4*a = -5*p + 6, 0 = p - a + 2. Let b(i) = p*v(i) - 6*l(i). Determine b(2).
4
Let z(k) = k**3 + 5*k**2 - 5*k + 1. Suppose g - 7*g = 90. Let y = g + -20. Let u = y - -29. What is z(u)?
-5
Let g(h) be the third derivative of h**6/120 - h**5/3 + 17*h**4/24 + 13*h**3/2 + 141*h**2. What is g(19)?
1
Let l(v) = -8*v + 4. Let a be (14 + -10)*(-12)/16. Give l(a).
28
Let u = -85 - -92. Suppose -u = -6*j - 55. Let r(c) = -c**3 - 8*c**2 - 3. What is r(j)?
-3
Let s be 20/(-8)*1*8/10. Let k be (-616)/98 + s/(-7). Let u(t) be the second derivative of t**5/20 + 7*t**4/12 + 5*t**3/6 + 3*t**2/2 + t. Determine u(k).
9
Let d(f) = f**3 - 5*f**2 + 2*f. Let o be (-1)/((-92)/48 - -2). Let w be ((-20)/6)/(o/18). Suppose -s + w*s - 8 = 0. Determine d(s).
-8
Let h = -104 + 163. Let c = 65 - h. Let z(x) = 1 - x + 1 + 1. Determine z(c).
-3
Let u(w) = w**2 - 4*w + 5. Suppose y = -y - 2*c, -2 = 4*y + 5*c. Let s be y/6 - 17/(-3). Determine u(s).
17
Let u(q) = 2*q**3 + 37*q**2 - 19*q + 6. Let g be u(-19). Let h(c) = 4*c**2 - 4*c - 4. Let y(v) = -7*v**2 + 8*v + 8. Let j(w) = 5*h(w) + 3*y(w). Calculate j(g).
-8
Let v(f) = -f**3 - 3*f**2 - 2*f - 4. Let i(x) = x**3 - 12*x**2 - 15*x + 23. Let u be i(13). Calculate v(u).
2
Let i(o) = 3*o**2 - 5*o - 5. Let l(g) = -7*g**2 + 10*g + 10. Let c(k) = 5*i(k) + 2*l(k). Suppose -47*w + 10 = -45*w. Determine c(w).
-5
Let n(u) = u**3 - u**2 + 1. Let k(r) = -4*r**3 + 8*r**2 - 4*r - 9. Let o(d) = k(d) + 5*n(d). Let c be 304/(-38) + (-6)/((-12)/10). Give o(c).
8
Let s(o) = -2*o**2 - 179*o + 176*o + 4*o**2 + 4. What is s(4)?
24
Suppose 42*l - 44*l + 10 = 0. Let a(d) = d**2 - 4*d + 4. Determine a(l).
9
Let p(i) = 9*i - 100 - i**2 - 100 + 186. Give p(4).
6
Let f(i) be the second derivative of i**4/12 + i**3/6 - 6*i**2 - i. Let k be 0/((-8)/(-4 + 0)). Suppose -3 = 5*m + 3*b, 2*m - b + 6 - 7 = k. Give f(m).
-12
Suppose -45 = 179*j - 174*j. Let s(g) = -g**2 - 8*g + 7. What is s(j)?
-2
Let b(p) = -p**3 + 2*p**2 - 4*p**2 - 6 - 2 + 9*p - 4*p**2. What is b(-7)?
-22
Let h(c) = c**3 + 3*c**2 + c - 2. Suppose z + 37 = -2*p, 3*p = p + 3*z - 41. Let j = p + 26. Suppose -2*v + 5*g = 6, -v - j*g - 3 = -3*g. Calculate h(v).
-5
Let b be ((-28)/(-56))/(2 + 18/(-8)). Let v(q) = 5*q - 2. Calculate v(b).
-12
Let x(w) be the second derivative of w**3/2 + 4*w**2 - 88*w. What is x(-7)?
-13
Let v(y) = -6*y + 22. Let o(l) = -17*l + 55. Let r(u) = -3*o(u) + 8*v(u). Give r(-5).
-4
Let g(a) = -6*a**2 - 5*a + 2. Let b(l) = -5*l**2 - 5*l + 2. Let m(j) = 7*b(j) - 6*g(j). Let t = -84 + 88. What is m(t)?
-2
Suppose 12 = -4*s - 2*t, s = 4*s + 5*t - 5. Let b(d) be the first derivative of -4*d**2 + 1 - 7*d - 1/4*d**4 - 2*d**3. What is b(s)?
8
Suppose -v + 0*v + 3*u = -3, -v + 4*u = -5. Suppose 3*i + 5 = -s - 1, 0 = 2*i + 6. Let o(j) = 1 - 2 - s*j**2 + 3 + 0*j**2 - j**3. What is o(v)?
2
Let g(x) = -2*x - 3. Let f = -182 + 176. Give g(f).
9
Let n(b) = 3*b - 5 + 0 + 2. Let d(l) = 3*l**2 - 21*l. Let q be d(8). Let g = q - 20. Calculate n(g).
9
Let h(k) = 4*k + 13*k**2 - 12*k**2 - 11*k + 2*k. What is h(5)?
0
Let w = -97 - -104. Suppose -o - 5*b - 19 = 0, -3*o = 5*b - 6*b - w. Let a(j) = j**3 - j + 1. Determine a(o).
1
Let w = 1942 - 1939. Let r(t) = -t - 5. Calculate r(w).
-8
Let k be (-1)/2*(3 + -3). Let m(n) = k*n**2 - 3 + n**2 + 0 - 2*n**2 + n. What is m(0)?
-3
Let u(p) be the third derivative of 0*p + 0 + 10*p**2 - 1/12*p**4 + 1/60*p**6 - 1/6*p**3 - 1/60*p**5. What is u(-2)?
-17
Let u(l) = l**3 + 5*l**2 + 2*l - 2. Let w = 3 + 1. Suppose -2*k + k + 58 = 2*x, -x + 29 = w*k. Let y = x - 31. What is u(y)?
6
Let h = 6 + -5. Let r(z) = -2*z**2 + 1 - 7 - z + 3 + h. Give r(-2).
-8
Let n(h) = -5*h**3 - 5*h**3 - 2*h**2 - 1252 + 1253 - 4*h**2 + 4*h**2. Determine n(-1).
9
Let m(d) be the third derivative of -d**4/2 + 29*d**3/3 + 485*d**2. Give m(5).
-2
Suppose -2*c = 5*a + 173, 0*c - 228 = 3*c - 3*a. Let s = c + 84. Let j(n) = n + 3. Calculate j(s).
8
Suppose 0 = 3*j - 2*h - 222, -3*j - 6*h + h = -243. Let k = j - 71. Let y(p) = p**3 - 6*p**2 + 5*p. Give y(k).
0
Let p be (-2)/(-2) - (3 - 6). Suppose 2*c + d = -0 + 9, p*d = 4. Let g(y) = -5 - c + 5*y + 2 - y**2 + 1. What is g(4)?
-2
Let k(q) = -q**2 + 4*q + 2. Let z = 427 - 430. Determine k(z).
-19
Let j(i) = 2*